{"id":1021,"date":"2020-02-07T16:15:49","date_gmt":"2020-02-07T15:15:49","guid":{"rendered":"https:\/\/starymlynswidnica.pl\/restauracja\/?page_id=1021"},"modified":"2025-10-02T15:21:41","modified_gmt":"2025-10-02T13:21:41","slug":"kontakt","status":"publish","type":"page","link":"https:\/\/starymlynswidnica.pl\/restauracja\/kontakt\/","title":{"rendered":"Kontakt"},"content":{"rendered":"<p>[vc_row full_width=&#8221;stretch_row&#8221; content_placement=&#8221;middle&#8221; parallax=&#8221;content-moving&#8221; parallax_image=&#8221;1060&#8243; parallax_speed_bg=&#8221;3.5&#8243; overlay_color=&#8221;rgba(0,0,0,0.68)&#8221;][vc_column][vc_empty_space height=&#8221;300px&#8221;]<div class=\"text-center page-header id_169f70c8992a8f242345963 animate-text alt-h\"><div style=\"color: #ffffff\"><\/p>\n<h2>Masz jakie\u015b pytania?<\/h2>\n<p><\/div><div class=\"post-meta\">\n\t\t\t\t\t<ul>\n\t\t\t\t\t\t<li>Share on:<\/li>\n\t\t\t\t\t\t<li><a href=\"https:\/\/www.facebook.com\/sharer\/sharer.php?u=https%3A%2F%2Fstarymlynswidnica.pl%2Frestauracja%2Fkontakt%2F\" class=\"no-rd social-share link-hover\" data-djax-exclude=\"true\">Facebook<\/a><\/li>\n\t\t<li><a href=\"https:\/\/www.twitter.com\/share?text=Kontakt\" class=\"no-rd social-share link-hover\" data-djax-exclude=\"true\">Twitter<\/a><\/li>\n\t\t\n\t\t\n\t\t<li><a href=\"https:\/\/pinterest.com\/pin\/create\/bookmarklet\/?media=&#038;url=https%3A%2F%2Fstarymlynswidnica.pl%2Frestauracja%2Fkontakt%2F&#038;is_video=0&#038;description=\" class=\"no-rd social-share link-hover\" data-djax-exclude=\"true\">Pinterest<\/a><\/li>\n\t\t\t\t\t<\/ul>\n\t\t\t\t<\/div><\/div><div class=\"custom-styles\" data-styles=\".id_169f70c8992a8f242345963 .post-meta li a, .id_169f70c8992a8f242345963 .post-meta { color: #ffffff } .id_169f70c8992a8f242345963 .link-hover:after {background:#ffffff}\"><\/div>[vc_empty_space height=&#8221;280&#8243;][vc_single_image image=&#8221;1578&#8243; img_size=&#8221;full&#8221; alignment=&#8221;center&#8221;][\/vc_column][\/vc_row][vc_row overlay_color=&#8221;rgba(0,0,0,0.01)&#8221; css=&#8221;.vc_custom_1485176287309{padding-top: 90px !important;padding-bottom: 90px !important;}&#8221;][vc_column css=&#8221;.vc_custom_1485176394328{padding-right: 5% !important;}&#8221;]<div class=\"text-left page-header id_169f70c8992f6f782809796 animate-text \"><div style=\"color: #333333\"><\/p>\n<h4>Kontakt<\/h4>\n<p><\/div><\/div><div class=\"custom-styles\" data-styles=\".id_169f70c8992f6f782809796 .post-meta li a, .id_169f70c8992f6f782809796 .post-meta { color: #333333 } .id_169f70c8992f6f782809796 .link-hover:after {background:#333333}\"><\/div>[\/vc_column][\/vc_row][vc_row overlay_color=&#8221;rgba(0,0,0,0.01)&#8221; css=&#8221;.vc_custom_1485176287309{padding-top: 90px !important;padding-bottom: 90px !important;}&#8221;][vc_column width=&#8221;1\/2&#8243; css=&#8221;.vc_custom_1485176394328{padding-right: 5% !important;}&#8221;][vc_single_image image=&#8221;693&#8243; img_size=&#8221;large&#8221; alignment=&#8221;center&#8221; css_animation=&#8221;fadeIn&#8221;][\/vc_column][vc_column width=&#8221;1\/2&#8243;][vc_column_text css_animation=&#8221;fadeInDown&#8221;]<\/p>\n<h4>Stary M\u0142yn<br \/>\nul. \u0141\u0105czna 4<br \/>\n58-100 \u015awidnica<\/h4>\n<p>Rezerwacje \/ zam\u00f3wienia na dow\u00f3z<br \/>\ntel. 74 857-88-99<br \/>\n<span style=\"color: #000000;\">Ka\u017cde opakowanie p\u0142atne 1 z\u0142.<\/span><\/p>\n<p>Imprezy \/ wynajem sal<br \/>\ntel. kom. 517 031 022<br \/>\ntel. kom. 509 964 746<\/p>\n<h4><strong>Restauracja jest czynna codziennie od godziny 12.00 <\/strong><\/h4>\n<p>[\/vc_column_text]<div class=\"text-center animate-text\"><a href=\"https:\/\/www.google.com\/maps\/place\/stary+mlyn+swidnica\/@50.8438684,16.4885213,15z\/data=!3m1!4b1!4m9!4m8!1m1!4e1!1m5!1m1!1s0x470fb2cc71ea1dab:0xa64d465e8656b81a!2m2!1d16.4997231!2d50.8510932\" target='_blank' class=\"btn btn-md btn-border-animate btn-dark   \">\n\t\t\t\t<span class=\"btn-text \">Znajd\u017a lokalizacj\u0119<span class=\"top button-border\"><\/span>\n\t\t\t\t<span class=\"left left-bottom button-border\"><\/span>\n\t\t\t\t<span class=\"left left-top button-border\"><\/span>\n\t\t\t\t<span class=\"bottom bottom-right button-border\"><\/span>\n\t\t\t\t<span class=\"bottom bottom-left button-border\"><\/span>\n\t\t\t\t<span class=\"right button-border\"><\/span><\/span>\n\t\t\t<\/a><\/div>[\/vc_column][\/vc_row][vc_row][vc_column]<div class=\"text-center page-header id_169f70c8992ffa1335535592 animate-text \"><div style=\"color: #333333\"><\/p>\n<h4>W razie pyta\u0144 zapraszamy do kontaktu telefonicznego lub za pomoc\u0105 poni\u017cszego formularza.<\/h4>\n<p><\/div><\/div><div class=\"custom-styles\" data-styles=\".id_169f70c8992ffa1335535592 .post-meta li a, .id_169f70c8992ffa1335535592 .post-meta { color: #333333 } .id_169f70c8992ffa1335535592 .link-hover:after {background:#333333}\"><\/div>[vc_empty_space height=&#8221;50px&#8221;]<div class=\"form-container contact-container id_169f70c89930911542006765  img_left\"><div class=\"forms-style contact-form marco-form animate-text\">\n\t\t\t\t\t<div class=\"form-wrapper\">\n\t\t\t\t\t\t<form name=\"c-form\" id=\"c-form\" class=\"c-form\" action=\"send_message\" method=\"POST\">\n\t\t\t\t\t\t\t<input type=\"hidden\" name=\"action\" value=\"send_message\">\n\t\t\t\t\t\t\t<input type=\"hidden\" name=\"c[subtitle]\" id=\"c_subtitle\" value=\"Formularz kontaktowy Restauracja Stay M\u0142yn\">\n\t\t\t\t\t\t\t<input type=\"hidden\" name=\"c[response_message]\" id=\"c_response_message\" value=\"Wiadomo\u015b\u0107 wys\u0142ana!\">\n\t\t\t\t\t\t\t<input type=\"hidden\" name=\"c[your_email]\" id=\"c_your_email\" value=\"1\">\n\t\t\t\t\t\t\t<fieldset class=\"contact-details\">\n\t\t\t\t\t\t\t\t<div class=\"c-text name c-input mf-input\">\n\t\t\t\t\t\t\t\t\t<label for=\"c_name\" style=\"color: #111111\">Imi\u0119 i nazwisko<\/label>\n\t\t\t\t\t\t\t\t\t<input class=\"input-required\" type=\"text\" name=\"c[name]\" id=\"c_name\" value=\"\" style=\"color: #111111\">\n\t\t\t\t\t\t\t\t<\/div>\t\n\t\t\t\t\t\t\t\t<div class=\"c-text email c-input mf-input\">\n\t\t\t\t\t\t\t\t\t<label for=\"c_email\" style=\"color: #111111\">Email<\/label>\n\t\t\t\t\t\t\t\t\t<input class=\"input-required\" type=\"text\" name=\"c[email]\" id=\"c_email\" value=\"\" style=\"color: #111111\">\n\t\t\t\t\t\t\t\t<\/div>\n\t\t\t\t\t\t\t\t<div class=\"c-text phone c-input mf-input\">\n\t\t\t\t\t\t\t\t\t<label for=\"c_phone\" style=\"color: #111111\">Telefon<\/label>\n\t\t\t\t\t\t\t\t\t<input type=\"tel\" name=\"c[phone]\" id=\"c_phone\" value=\"\" style=\"color: #111111\">\n\t\t\t\t\t\t\t\t<\/div>\t\n\t\t\t\t\t\t\t<\/fieldset>\t\n\t\t\t\t\t\t\t<fieldset class=\"message\">\n\t\t\t\t\t\t\t\t<div class=\"c-textarea message c-input mf-input\">\n\t\t\t\t\t\t\t\t\t<label for=\"c_message\" style=\"color: #111111\">Wiadomo\u015b\u0107<\/label>\n\t\t\t\t\t\t\t\t\t<textarea rows=\"1\" name=\"c[message]\" id=\"c_message\" style=\"color: #111111\"><\/textarea>\n\t\t\t\t\t\t\t\t\t<div class=\"border-label\"><\/div>\n\t\t\t\t\t\t\t\t<\/div>\n\t\t\t\t\t\t\t<\/fieldset>\n\t\t\t\t\t\t\t\t\t\t\t\t\t\t\n\t\t\t\t\t\t\t<div class=\"text-center\"><button type=\"submit\" class=\"btn btn-lg btn-border-animate btn-dark   btn-contact\">\n\t\t\t\t<span class=\"btn-text \">Wy\u015blij<span class=\"top button-border\"><\/span>\n\t\t\t\t<span class=\"left left-bottom button-border\"><\/span>\n\t\t\t\t<span class=\"left left-top button-border\"><\/span>\n\t\t\t\t<span class=\"bottom bottom-right button-border\"><\/span>\n\t\t\t\t<span class=\"bottom bottom-left button-border\"><\/span>\n\t\t\t\t<span class=\"right button-border\"><\/span><\/span>\n\t\t\t<\/button><\/div>\n\t\t\t\t\t\t<\/form>\n\t\t\t\t\t<\/div>\n\t\t\t\t<\/div><\/div><div class=\"custom-styles\" data-styles=\"id_169f70c89930911542006765 .contact-form fieldset:after { background-color: #dddddd;  }\n\t\t\t\t.id_169f70c89930911542006765 .forms-style .c-input:not(.message):after,.id_169f70c89930911542006765 .forms-style .c-input .border-label:after { background-color: #111111;  }\"><\/div>[\/vc_column][\/vc_row][vc_row][vc_column]<div class=\"text-center page-header id_169f70c89930b7122771750 animate-text \"><div style=\"color: #333333\"><\/p>\n<div class=\"wpb_text_column wpb_content_element \">\n<div class=\"wpb_wrapper\">\n<h4>Tutaj jeste\u015bmy<\/h4>\n<\/div>\n<\/div>\n<p><\/div><\/div><div class=\"custom-styles\" data-styles=\".id_169f70c89930b7122771750 .post-meta li a, .id_169f70c89930b7122771750 .post-meta { color: #333333 } .id_169f70c89930b7122771750 .link-hover:after {background:#333333}\"><\/div>[vc_empty_space height=&#8221;50px&#8221;][vc_gmaps link=&#8221;#E-8_JTNDaWZyYW1lJTIwc3JjJTNEJTIyaHR0cHMlM0ElMkYlMkZ3d3cuZ29vZ2xlLmNvbSUyRm1hcHMlMkZlbWJlZCUzRnBiJTNEJTIxMW0xOCUyMTFtMTIlMjExbTMlMjExZDIwMTUzLjUwMTY1NjE0ODAyJTIxMmQxNi40NjUwMzUwODEwNjQ1NTYlMjEzZDUwLjg0NjIwODI0MDAyODkxJTIxMm0zJTIxMWYwJTIxMmYwJTIxM2YwJTIxM20yJTIxMWkxMDI0JTIxMmk3NjglMjE0ZjEzLjElMjEzbTMlMjExbTIlMjExczB4NDcwZmIyY2M3MWVhMWRhYiUyNTNBMHhhNjRkNDY1ZTg2NTZiODFhJTIxMnNTdGFyeSUyNTIwTSUyNUM1JTI1ODJ5biUyNTIwSG90ZWwlMjUyMFJlc3RhdXJhY2phJTIxNWUwJTIxM20yJTIxMXNwbCUyMTJzcGwlMjE0djE1ODEzMjkwNDU5OTclMjE1bTIlMjExc3BsJTIxMnNwbCUyMiUyMHdpZHRoJTNEJTIyNjAwJTIyJTIwaGVpZ2h0JTNEJTIyNDUwJTIyJTIwZnJhbWVib3JkZXIlM0QlMjIwJTIyJTIwc3R5bGUlM0QlMjJib3JkZXIlM0EwJTNCJTIyJTIwYWxsb3dmdWxsc2NyZWVuJTNEJTIyJTIyJTNFJTNDJTJGaWZyYW1lJTNF&#8221; size=&#8221;500px&#8221;][vc_empty_space height=&#8221;50px&#8221;]<div class=\"text-center animate-text\"><a href=\"https:\/\/www.google.com\/maps\/place\/stary+mlyn+swidnica\/@50.8438684,16.4885213,15z\/data=!3m1!4b1!4m9!4m8!1m1!4e1!1m5!1m1!1s0x470fb2cc71ea1dab:0xa64d465e8656b81a!2m2!1d16.4997231!2d50.8510932\" target='_blank' class=\"btn btn-md btn-border-animate btn-dark   \">\n\t\t\t\t<span class=\"btn-text \">Znajd\u017a lokalizacj\u0119<span class=\"top button-border\"><\/span>\n\t\t\t\t<span class=\"left left-bottom button-border\"><\/span>\n\t\t\t\t<span class=\"left left-top button-border\"><\/span>\n\t\t\t\t<span class=\"bottom bottom-right button-border\"><\/span>\n\t\t\t\t<span class=\"bottom bottom-left button-border\"><\/span>\n\t\t\t\t<span class=\"right button-border\"><\/span><\/span>\n\t\t\t<\/a><\/div>[\/vc_column][\/vc_row][vc_row][vc_column][vc_empty_space height=&#8221;100px&#8221;][\/vc_column][\/vc_row]<\/p>\n","protected":false},"excerpt":{"rendered":"<p>[vc_row full_width=&#8221;stretch_row&#8221; content_placement=&#8221;middle&#8221; parallax=&#8221;content-moving&#8221; parallax_image=&#8221;1060&#8243; parallax_speed_bg=&#8221;3.5&#8243; overlay_color=&#8221;rgba(0,0,0,0.68)&#8221;][vc_column][vc_empty_space height=&#8221;300px&#8221;][vc_empty_space height=&#8221;280&#8243;][vc_single_image image=&#8221;1578&#8243; img_size=&#8221;full&#8221; alignment=&#8221;center&#8221;][\/vc_column][\/vc_row][vc_row overlay_color=&#8221;rgba(0,0,0,0.01)&#8221; css=&#8221;.vc_custom_1485176287309{padding-top: 90px !important;padding-bottom: 90px !important;}&#8221;][vc_column css=&#8221;.vc_custom_1485176394328{padding-right: 5% !important;}&#8221;][\/vc_column][\/vc_row][vc_row overlay_color=&#8221;rgba(0,0,0,0.01)&#8221; css=&#8221;.vc_custom_1485176287309{padding-top: 90px !important;padding-bottom: 90px !important;}&#8221;][vc_column width=&#8221;1\/2&#8243; css=&#8221;.vc_custom_1485176394328{padding-right: 5% !important;}&#8221;][vc_single_image image=&#8221;693&#8243; img_size=&#8221;large&#8221; alignment=&#8221;center&#8221; css_animation=&#8221;fadeIn&#8221;][\/vc_column][vc_column width=&#8221;1\/2&#8243;][vc_column_text css_animation=&#8221;fadeInDown&#8221;] Stary M\u0142yn ul. \u0141\u0105czna 4 58-100 \u015awidnica Rezerwacje \/ zam\u00f3wienia na dow\u00f3z tel. 74 857-88-99 Ka\u017cde opakowanie p\u0142atne [&hellip;]<\/p>\n","protected":false},"author":1,"featured_media":0,"parent":0,"menu_order":0,"comment_status":"closed","ping_status":"closed","template":"","meta":{"om_disable_all_campaigns":false,"_monsterinsights_skip_tracking":false,"_monsterinsights_sitenote_active":false,"_monsterinsights_sitenote_note":"","_monsterinsights_sitenote_category":0},"aioseo_notices":[],"_links":{"self":[{"href":"https:\/\/starymlynswidnica.pl\/restauracja\/wp-json\/wp\/v2\/pages\/1021"}],"collection":[{"href":"https:\/\/starymlynswidnica.pl\/restauracja\/wp-json\/wp\/v2\/pages"}],"about":[{"href":"https:\/\/starymlynswidnica.pl\/restauracja\/wp-json\/wp\/v2\/types\/page"}],"author":[{"embeddable":true,"href":"https:\/\/starymlynswidnica.pl\/restauracja\/wp-json\/wp\/v2\/users\/1"}],"replies":[{"embeddable":true,"href":"https:\/\/starymlynswidnica.pl\/restauracja\/wp-json\/wp\/v2\/comments?post=1021"}],"version-history":[{"count":26,"href":"https:\/\/starymlynswidnica.pl\/restauracja\/wp-json\/wp\/v2\/pages\/1021\/revisions"}],"predecessor-version":[{"id":2260,"href":"https:\/\/starymlynswidnica.pl\/restauracja\/wp-json\/wp\/v2\/pages\/1021\/revisions\/2260"}],"wp:attachment":[{"href":"https:\/\/starymlynswidnica.pl\/restauracja\/wp-json\/wp\/v2\/media?parent=1021"}],"curies":[{"name":"wp","href":"https:\/\/api.w.org\/{rel}","templated":true}]}}